{"id":81,"date":"2025-05-23T12:23:21","date_gmt":"2025-05-23T12:23:21","guid":{"rendered":"https:\/\/lagenevroye.com\/?page_id=81"},"modified":"2026-01-19T11:08:25","modified_gmt":"2026-01-19T11:08:25","slug":"agenda-de-la-ferme","status":"publish","type":"page","link":"https:\/\/lagenevroye.com\/index.php\/agenda-de-la-ferme\/","title":{"rendered":"Agenda de la ferme"},"content":{"rendered":"\n<h2 class=\"wp-block-heading\">Tous les <strong>2e Samedi du mois<\/strong> 10h \u00e0 14h : <br>march\u00e9 \u00e0 la ferme avec les amis producteurs bios<\/h2>\n\n\n\n<h2 class=\"wp-block-heading\">2026<\/h2>\n\n\n\n<p><strong>30-31 Janvier<\/strong> Vente de viande d&rsquo;<strong>agneau<\/strong> (colis 1\/2 agneau sur r\u00e9servation et vente au d\u00e9tail)<br><strong>13-14 F\u00e9vrier<\/strong> Vente de colis de viande de <strong>veau<\/strong>(Colis 5kg sur r\u00e9servation et vente au d\u00e9tail)<br><strong>6-7 Mars<\/strong> Vente de colis de viande de <strong>b\u0153uf<\/strong>(Colis 5kg sur r\u00e9servation et vente au d\u00e9tail)<br><br><strong>Samedi 28 mars<\/strong> Journ\u00e9e <strong>Fruitiers<\/strong>, apprendre \u00e0 greffer et tailler ses arbres fruitiers.<br><br><strong>Avril<\/strong> Vente de colis de viande de <strong>veau<\/strong>(sur r\u00e9servation)<br><br><strong>M<\/strong>ai le matin, venez assister \u00e0 la <strong>tonte des moutons<\/strong><\/p>\n\n\n\n<p><strong>Juin<\/strong> Journ\u00e9e Nationale Agriculture<br>Visite guid\u00e9e d\u00e9couverte des animaux de la ferme 14h30 \u00e0 16h00 suivi d&rsquo;un go\u00fbter<\/p>\n\n\n\n<p><a href=\"https:\/\/lelindisabelle9.wixsite.com\/lelindisabelle\" data-type=\"link\" data-id=\"https:\/\/lelindisabelle9.wixsite.com\/lelindisabelle\"><strong>Samedi 5 et dimanche 6 septembre<\/strong> : Arts du fil : Salon <strong>\u00ab\u00a0Fil \u00e0 la Ferme\u00a0\u00bb<\/strong>(organis\u00e9 par le lin d&rsquo;Isabelle)<\/a><\/p>\n\n\n\n<p><strong><a href=\"https:\/\/lagenevroye.com\/index.php\/nous-contacter\/\" data-type=\"page\" data-id=\"67\">Samedi 10 octobre 14e F\u00eate des l\u00e9gumes anciens de 10h00 \u00e0 17h00<\/a><\/strong><\/p>\n\n\n\n<p><strong>Novembre<\/strong> : &#8211; Chantier participatif plantation de haies et d&rsquo;arbres<br> &#8211; Atelier construction de nichoirs \u00e0 oiseaux(sur inscription)<\/p>\n\n\n\n<p><\/p>\n","protected":false},"excerpt":{"rendered":"<p>Tous les 2e Samedi du mois 10h \u00e0 14h : march\u00e9 \u00e0 la ferme avec les amis producteurs bios 2026 30-31 Janvier Vente de viande d&rsquo;agneau (colis 1\/2 agneau sur r\u00e9servation et vente au d\u00e9tail)13-14 F\u00e9vrier Vente de colis de viande de veau(Colis 5kg sur r\u00e9servation et vente au d\u00e9tail)6-7 Mars Vente de colis de [&hellip;]<\/p>\n","protected":false},"author":1,"featured_media":0,"parent":0,"menu_order":0,"comment_status":"closed","ping_status":"closed","template":"","meta":{"footnotes":""},"class_list":["post-81","page","type-page","status-publish","hentry"],"_links":{"self":[{"href":"https:\/\/lagenevroye.com\/index.php\/wp-json\/wp\/v2\/pages\/81","targetHints":{"allow":["GET"]}}],"collection":[{"href":"https:\/\/lagenevroye.com\/index.php\/wp-json\/wp\/v2\/pages"}],"about":[{"href":"https:\/\/lagenevroye.com\/index.php\/wp-json\/wp\/v2\/types\/page"}],"author":[{"embeddable":true,"href":"https:\/\/lagenevroye.com\/index.php\/wp-json\/wp\/v2\/users\/1"}],"replies":[{"embeddable":true,"href":"https:\/\/lagenevroye.com\/index.php\/wp-json\/wp\/v2\/comments?post=81"}],"version-history":[{"count":10,"href":"https:\/\/lagenevroye.com\/index.php\/wp-json\/wp\/v2\/pages\/81\/revisions"}],"predecessor-version":[{"id":140,"href":"https:\/\/lagenevroye.com\/index.php\/wp-json\/wp\/v2\/pages\/81\/revisions\/140"}],"wp:attachment":[{"href":"https:\/\/lagenevroye.com\/index.php\/wp-json\/wp\/v2\/media?parent=81"}],"curies":[{"name":"wp","href":"https:\/\/api.w.org\/{rel}","templated":true}]}}

<h2 class="wp-block-heading">Tous les <strong>2e Samedi du mois</strong> 10h à 14h : <br>marché à la ferme avec les amis producteurs bios</h2>



<h2 class="wp-block-heading">2026</h2>



<p><strong>30-31 Janvier</strong> Vente de viande d&rsquo;<strong>agneau</strong> (colis 1/2 agneau sur réservation et vente au détail)<br><strong>13-14 Février</strong> Vente de colis de viande de <strong>veau</strong>(Colis 5kg sur réservation et vente au détail)<br><strong>6-7 Mars</strong> Vente de colis de viande de <strong>bœuf</strong>(Colis 5kg sur réservation et vente au détail)<br><br><strong>Samedi 28 mars</strong> Journée <strong>Fruitiers</strong>, apprendre à greffer et tailler ses arbres fruitiers.<br><br><strong>Avril</strong> Vente de colis de viande de <strong>veau</strong>(sur réservation)<br><br><strong>M</strong>ai le matin, venez assister à la <strong>tonte des moutons</strong></p>



<p><strong>Juin</strong> Journée Nationale Agriculture<br>Visite guidée découverte des animaux de la ferme 14h30 à 16h00 suivi d&rsquo;un goûter</p>



<p><a href="https://lelindisabelle9.wixsite.com/lelindisabelle" data-type="link" data-id="https://lelindisabelle9.wixsite.com/lelindisabelle"><strong>Samedi 5 et dimanche 6 septembre</strong> : Arts du fil : Salon <strong>« Fil à la Ferme »</strong>(organisé par le lin d&rsquo;Isabelle)</a></p>



<p><strong><a href="https://lagenevroye.com/index.php/nous-contacter/" data-type="page" data-id="67">Samedi 10 octobre 14e Fête des légumes anciens de 10h00 à 17h00</a></strong></p>



<p><strong>Novembre</strong> : &#8211; Chantier participatif plantation de haies et d&rsquo;arbres<br> &#8211; Atelier construction de nichoirs à oiseaux(sur inscription)</p>



<p></p>

<p>Tous les 2e Samedi du mois 10h à 14h : marché à la ferme avec les amis producteurs bios 2026 30-31 Janvier Vente de viande d&rsquo;agneau (colis 1/2 agneau sur réservation et vente au détail)13-14 Février Vente de colis de viande de veau(Colis 5kg sur réservation et vente au détail)6-7 Mars Vente de colis de [&hellip;]</p>
